 - 12*t**2 - 13*t - 2*t - t**3. What are the prime factors of c(-11)?
2, 7
List the prime factors of (-1 - (1 - 4)) + 3.
5
Let x(o) = 5*o**2 + 2*o - 12. What are the prime factors of x(7)?
13, 19
Suppose 0 = 5*z + 3*r - 118, 5*z = 2*r + r + 142. List the prime factors of (0/1 - z)/(-2).
13
Let r be -18*(5/2 - 3). Suppose 7*f - r*f = -8. What are the prime factors of f?
2
Let b(x) = 20*x**2 + 11*x - 1. What are the prime factors of b(-3)?
2, 73
Suppose 0 = 2*z - 3 + 9. What are the prime factors of (11 - -7)*z/(-2)?
3
Let k be 2/3 - 4/6. Suppose 5*a + k - 10 = 0, 2*j - 14 = -3*a. List the prime factors of j.
2
Suppose 3*y + 11 - 2 = 0. Let o be 5 + 2/y*3. Suppose 0 = -5*k - 3*v + 52, -2*k = -o*k + 2*v. What are the prime factors of k?
2
Let r = 41 - 22. What are the prime factors of r?
19
Let h(z) be the second derivative of z**3/2 - z**2 - z. What are the prime factors of h(2)?
2
Let z(a) = -2 - 5*a**2 + a + a**3 - 6*a - 3*a**3 + a**3. List the prime factors of z(-4).
2
Let m = -38 + 63. Suppose 2*d - 3*d + m = 0. What are the prime factors of d?
5
Let o be -2 + 1 + 1/1. Suppose o = -3*s + 82 - 10. Suppose -3*d - d + s = 0. List the prime factors of d.
2, 3
Let g = -17 - -7. Let q = g + 13. List the prime factors of q.
3
Let z = -6 - -4. Let p = 0 - z. What are the prime factors of (-2)/p*2 - -10?
2
Suppose 4*l = 2*l - 6. What are the prime factors of (-107)/l + 2/(-3)?
5, 7
Let z = 16 - 15. What are the prime factors of ((-8)/z)/(-10 - -8)?
2
Suppose -4*c = -2*l + 6*l - 100, 2*c = -5*l + 62. List the prime factors of c.
3, 7
Let l = 7 + -4. Let a = 9 - l. Let o = a + 0. List the prime factors of o.
2, 3
Suppose 0 = p - 2*p. Suppose 2*z + 2*z + 40 = p. List the prime factors of z/5 - 18/(-2).
7
Let i = 12 + 0. List the prime factors of i.
2, 3
Let x = 0 + 1. Let b be 1/(x/2) - 1. Suppose l + b - 7 = 0. What are the prime factors of l?
2, 3
Suppose -u - 50 - 29 = -q, -3*q + 242 = -2*u. What are the prime factors of q?
2, 3, 7
What are the prime factors of 96/(-10)*15/(-3)?
2, 3
Suppose 17*i + 4*i = 3528. List the prime factors of i.
2, 3, 7
Let d(a) = -a**3 - a + 10. Let z be d(0). Let j = 15 - z. Suppose 7*m - 22 = j*m. What are the prime factors of m?
11
Suppose 0 = -d + 1 + 3. Suppose -2*n - 56 = 4*y, -d*n - 2*y = -2*n + 60. Let p = 52 + n. What are the prime factors of p?
2, 5
Let a = 7 + -7. Suppose z + a*z = 13. What are the prime factors of z?
13
Let z(d) = -2*d + 12 + 4*d - d. List the prime factors of z(-9).
3
Let o(t) = 119*t**3 + t**2 + 3*t - 3. List the prime factors of o(1).
2, 3, 5
Let l(n) = -30*n - 17. What are the prime factors of l(-2)?
43
Let v(t) = 5*t**2 - 2*t + 1. Let y be v(3). Suppose l + 13 = y. List the prime factors of l.
3
Let p = -16 + 20. Suppose p*x - 78 = 2*x. List the prime factors of x.
3, 13
Suppose 2*d = -2*b + 4, 3*b = d + 2*b + 2. Suppose y - 2 + d = 0. Suppose -3*r + 16 = f, 2 - 5 = r + y*f. What are the prime factors of r?
7
Let o = 2 + 0. Let k be 0*(o + -2 + 1). Suppose k = -4*j - 3*c + 45, -2*c + 29 + 4 = 3*j. List the prime factors of j.
3
Let f be (-4 - -4)/(-2 - -1). Suppose f = n - 43 + 16. What are the prime factors of n?
3
Suppose 4*z - 2*x = -z + 596, -4*z - 5*x + 457 = 0. Suppose -5*v - 44 + z = 3*n, -v + 1 = 0. What are the prime factors of n?
23
Let y be (1/(-1))/((-2)/98). Let f = y + -26. List the prime factors of f.
23
Let h(f) = 5*f - 20. What are the prime factors of h(17)?
5, 13
Let k(u) = u**3 + 11*u**2 - 13*u - 6. Let d be k(-12). Let q = 21 + d. List the prime factors of q.
3
What are the prime factors of 2 - (2 - 3 - 1)?
2
Let h = -16 + 26. What are the prime factors of h?
2, 5
Suppose 2*p = -2*p - 12. List the prime factors of 6*(p + 8) - 2.
2, 7
Let d be (-1)/2 - 55/(-10). Let t(a) = -16*a + 1. Let p be t(-4). Suppose 0 = -d*v - 5*n + p, 18 + 34 = 4*v + 3*n. List the prime factors of v.
13
Let d be 2/(-9) + (-20)/(-9). Suppose 0 = 4*v - d*h - 18, 3*v - 3 = 3*h + 2*h. List the prime factors of v.
2, 3
Suppose 3*f - 8*f = 0. Suppose -y - 4 + 32 = f. List the prime factors of y.
2, 7
Let c be 38*(0 - (-3)/6). List the prime factors of c/((-2)/(2 - 4)).
19
Let m = 122 + 182. List the prime factors of m.
2, 19
Let q = -1 + -3. What are the prime factors of 20*q/40*-8?
2
Let y = -8 - -4. List the prime factors of (30/4)/(y/(-8)).
3, 5
Suppose -9*r = -5*r - 44. List the prime factors of r.
11
Suppose t - 6*t = -50. Let s = -4 + t. What are the prime factors of (s/(-5))/((-8)/20)?
3
Let f = 93 - -3. What are the prime factors of f?
2, 3
Suppose -r - 2*d = -6*d - 42, 5*r = -2*d + 188. What are the prime factors of r?
2, 19
Suppose -11*w = -8*w - 444. List the prime factors of w.
2, 37
Suppose 5*r + 2*h - 31 = -0*h, 5*r - 4*h = 13. Suppose r*l - 2*l = 0. Suppose -3*v + 3*c = -l*c - 33, -5*c + 57 = 2*v. List the prime factors of v.
2
Let m = 8 - 7. List the prime factors of m + 6 + (-2)/2.
2, 3
Suppose -3*t + 207 = -0*t. List the prime factors of t.
3, 23
Let n(u) = -u**3 + 4*u**2 + 5*u + 4. Let f be n(5). Let v(i) = 0*i**2 - i - f*i + 2*i**2 - 2 + i**3. What are the prime factors of v(-3)?
2
Let q(c) = -c**2 - 2*c - 2 - 4 - 2*c + 0*c**2. Let z be q(-4). Let g = z + 9. List the prime factors of g.
3
Let t(c) = 2*c**2 - 17*c - 23. What are the prime factors of t(14)?
131
Let x(h) = -2*h - 11. Let d(c) = 2*c + 10. Let o(g) = 5*d(g) + 4*x(g). Let k be o(5). List the prime factors of (k - 3) + -2 - -3.
2, 7
What are the prime factors of 90*(2 + 16/(-10))?
2, 3
What are the prime factors of 3 + 6*(456/(-9))/(-2)?
5, 31
Suppose -7*f - 3*r + 525 = -3*f, -r = 4*f - 535. List the prime factors of f.
3, 5
Suppose 3*o - 2*o = 3*u + 37, 3*o + 4*u - 137 = 0. What are the prime factors of o?
43
Let m = -4 - -8. Suppose -m*f = -5*f + 25. List the prime factors of f.
5
Let z(f) = -f**3 - 3*f**2 + 1. Let j = -9 + 6. Let a be z(j). Suppose a = 2*y - 3. What are the prime factors of y?
2
Let j = -6 - -67. List the prime factors of j.
61
Suppose -2*h + 2*a = 6, -h + 0*h - 3 = 3*a. List the prime factors of (h + -2)*126/(-15).
2, 3, 7
Let c(d) = -3*d + 13. Suppose -3*v - 5*s = 39 - 9, 20 = -2*v - 3*s. List the prime factors of c(v).
43
Let a(j) = -54*j. Let h be a(2). What are the prime factors of (h/(-10))/(3/10)?
2, 3
Suppose 0 = 2*o - o + t + 14, -5*t = -5*o - 40. Let i = -4 - o. List the prime factors of i.
7
Let k = 109 - 73. List the prime factors of k.
2, 3
Let x(j) = -14*j**2 + 4*j + 5. Let a be x(-2). Let g = -42 - a. What are the prime factors of g?
17
Let m = 6 - 1. Suppose -v - 4*u + 18 = 0, m*v - 4*u - 30 = 156. List the prime factors of v.
2, 17
Suppose 0*g + 134 = 3*u - 2*g, -5*u + 3*g = -222. List the prime factors of u.
2, 3, 7
Suppose 0 = -5*m + 5 + 10. Suppose -m*a - 2*w + 8 + 138 = 0, a = w + 57. List the prime factors of a.
2, 13
Let w = -3 - -6. Suppose w - 5 = -j. Suppose -3*c = -k + 24, j*k - c = -4*c + 39. What are the prime factors of k?
3, 7
Suppose 0 = -i - 3*o + 236, -4*i - o = -0*o - 944. List the prime factors of i.
2, 59
Let q(j) = 23*j**2 - j. Let f be q(1). Suppose -2*y + 2 = 5*x + 49, 3*y + 5*x + 58 = 0. Let b = y + f. What are the prime factors of b?
11
Suppose -15*t + 11*t = -692. What are the prime factors of t?
173
Let k(v) = 2*v - 5. Let q be k(5). Let d be (4/(-5))/((-1)/q). List the prime factors of (-28)/(-3) - d/(-6).
2, 5
Let i be 1*(-2 - -7 - 2). Let k(v) = 4 - 3*v**2 - 2*v**2 - 6*v - 2*v**3 + 3*v**i. List the prime factors of k(6).
2
What are the prime factors of (-3)/(-1*(-15)/(-260))?
2, 13
Suppose -2*a - 2*z = 16, z + 0*z - 12 = 4*a. What are the prime factors of ((-8)/6)/(a/54)?
2, 3
List the prime factors of (-6)/(-27) - 534/(-27).
2, 5
Suppose 4*d - 15 = -3*n - 0*d, -n - 4*d = -5. Suppose -25 = -n*k, 5*y + k = -2*k + 20. Suppose -2*p + 5 = y. List the prime factors of p.
2
Let m(b) = b**2 + 2*b - 6. Suppose -15 = -0*w - w. Suppose -4*z = 5 + w. List the prime factors of m(z).
3
Let y(j) be the second derivative of j**7/840 - j**6/720 - j**4/6 + 2*j. Let p(h) be the third derivative of y(h). List the prime factors of p(-1).
2
Suppose 2*f + 2*f - 24 = 0. Let s(q) = -q + 3*q - f + 0*q. List the prime factors of s(5).
2
Suppose t + 3 = 9. Let u = t + 7. Suppose -4*x - 3*q = -u, 0 = -3*x - 2*x - 4*q + 16. List the prime factors of x.
2
Let h(j) = 11 - 3 + 2*j*